se 16, what is 4 - 260?
-25c
In base 7, what is -43430 - -2?
-43425
In base 11, what is 916 + -7?
90a
In base 8, what is -132 + -1?
-133
In base 5, what is 11421 + -2?
11414
In base 14, what is -19d8 - -4?
-19d4
In base 2, what is 0 - 10100110011?
-10100110011
In base 6, what is 2 + -3?
-1
In base 13, what is -147a - -3?
-1477
In base 12, what is 1 + 686?
687
In base 15, what is -5 + 22a?
225
In base 14, what is -1 + -801?
-802
In base 6, what is 11 + 323?
334
In base 4, what is 3 - -12222?
12231
In base 11, what is 0 - -65?
65
In base 2, what is -100 + -100111?
-101011
In base 14, what is -d + 115?
106
In base 12, what is -1 - -14b0?
14ab
In base 2, what is -111011000 - 11?
-111011011
In base 2, what is 1 - 10011001?
-10011000
In base 8, what is -2404 - 16?
-2422
In base 4, what is -2 + 1130?
1122
In base 11, what is -12 + -16?
-28
In base 8, what is -5 - 1102?
-1107
In base 7, what is 653 - -3?
656
In base 4, what is -1021 + 110?
-311
In base 2, what is -1001 - 1001111?
-1011000
In base 12, what is 74 + -1?
73
In base 11, what is 7 + 13?
1a
In base 3, what is 0 - 1221001?
-1221001
In base 12, what is 0 - -40?
40
In base 16, what is -10 + -7?
-17
In base 7, what is -56404 + 1?
-56403
In base 11, what is -1 + -176?
-177
In base 4, what is 10 + 211?
221
In base 12, what is 0 - -1266?
1266
In base 14, what is 5 + -4?
1
In base 15, what is 4 + -750?
-74b
In base 16, what is -1 + -35?
-36
In base 11, what is -3a - -4?
-36
In base 11, what is 5 + -692?
-688
In base 12, what is -5 - -20a?
205
In base 13, what is -5ba - 5?
-5c2
In base 16, what is 1f - -6?
25
In base 6, what is -2521 + 30?
-2451
In base 10, what is -15 - 0?
-15
In base 16, what is 7ac - -2?
7ae
In base 3, what is -121210200 - 2?
-121210202
In base 7, what is -2 + -14?
-16
In base 13, what is 0 + 59?
59
In base 3, what is -111222 + -2?
-112001
In base 11, what is 1 - -384?
385
In base 15, what is 0 - 5?
-5
In base 9, what is 15 - -15?
31
In base 12, what is 2 - 11?
-b
In base 5, what is 133 - 112?
21
In base 15, what is -14e + b?
-143
In base 13, what is -191 + 7?
-187
In base 15, what is 4 - -32c?
331
In base 12, what is 217 - 5?
212
In base 11, what is 6 + 1826?
1831
In base 8, what is 1 + 65?
66
In base 13, what is -4a - -83?
36
In base 5, what is 142100 + -10?
142040
In base 14, what is 0 + -290?
-290
In base 11, what is -87 + 2?
-85
In base 5, what is -12 - -120?
103
In base 13, what is 51 - -10?
61
In base 16, what is 10b5 + 4?
10b9
In base 6, what is 1315 + 3?
1322
In base 8, what is 5614 - 3?
5611
In base 13, what is -306 - -8?
-2cb
In base 11, what is 3 + 84?
87
In base 10, what is 27 + 423?
450
In base 10, what is -1 + -4?
-5
In base 13, what is 546 + -2?
544
In base 2, what is -100111 - -10111?
-10000
In base 7, what is 55 - -1?
56
In base 12, what is 485 + 14?
499
In base 12, what is 386 + 2?
388
In base 12, what is -39 + -9?
-46
In base 12, what is 55b + -4?
557
In base 5, what is 2 - -221?
223
In base 3, what is 11200 - 2?
11121
In base 13, what is 5 - 685?
-680
In base 13, what is -2a - 1?
-2b
In base 16, what is 1 - 255?
-254
In base 2, what is -101111000 + 1?
-101110111
In base 8, what is 2 + -2032?
-2030
In base 8, what is 105 + -12?
73
In base 16, what is 4 - 35?
-31
In base 6, what is -344 + -5?
-353
In base 8, what is -3 + -41?
-44
In base 4, what is -312 + -100?
-1012
In base 5, what is 3024 + -4?
3020
In base 6, what is -5045 + -1?
-5050
In base 7, what is -3 + -11134?
-11140
In base 9, what is 8841 - -4?
8845
In base 3, what is 0 - 1012200?
-1012200
In base 14, what is -47c1 - -1?
-47c0
In base 15, what is -5 - -1660?
165a
In base 13, what is -5 - -b54?
b4c
In base 12, what is -4 - 596?
-59a
In base 3, what is 2 + 21000?
21002
In base 5, what is -1 - 4343?
-4344
In base 3, what is 10211 + -12?
10122
In base 11, what is 63 - -2?
65
In base 10, what is -4 + 2605?
2601
In base 2, what is -11011001 - -10111?
-11000010
In base 15, what is 1d1 - -8?
1d9
In base 3, what is 11 - 121?
-110
In base 9, what is -61 + 2?
-58
In base 16, what is -5 - 4d?
-52
In base 4, what is 110 - 1?
103
In base 3, what is 20101 - -111?
20212
In base 6, what is -4 - 1445?
-1453
In base 14, what is -1aa - 13?
-1bd
In base 13, what is 2b - 14?
17
In base 2, what is 10111 + -11?
10100
In base 13, what is 2a + 17?
44
In base 2, what is -101110011 + 101?
-101101110
In base 9, what is 0 - 32?
-32
In base 13, what is -5a + -5b?
-b8
In base 10, what is 5 + 9820?
9825
In base 5, what is -2123 + -10?
-2133
In base 4, what is -1220 + 3?
-1211
In base 15, what is 2 - 4?
-2
In base 5, what is 0 - 22?
-22
In base 11, what is 163 + 3a?
1a2
In base 8, what is 4 + 11451?
11455
In base 12, what is 0 - 115?
-115
In base 4, what is -2 + -11303?
-11311
In base 16, what is -1f + d?
-12
In base 2, what is -10111001 - 1?
-10111010
In base 11, what is -629 + -5?
-633
In base 9, what is -123 - 7?
-131
In base 3, what is -21012212 + -10?
-21012222
In base 2, what is 100101111100001 + 10?
100101111100011
In base 6, what is 2355 - -2?
2401
In base 12, what is 7 - -276?
281
In base 14, what is 1 + -a?
-9
In base 11, what is 0 - -1209?
1209
In base 3, what is -2 - -2010?
2001
In base 6, what is 423 - 5?
414
In base 4, what is -11 - 10011?
-10022
In base 6, what is 5 - 214?
-205
In base 5, what is 4 + 32?
41
In base 2, what is 0 - 1001001?
-1001001
In base 11, what is 5a5 - -26?
620
In base 2, what is -10111 + -110011?
-1001010
In base 4, what is 3 - 13231?
-13222
In base 4, what is 2 - 203?
-201
In base 7, what is 40 + -111?
-41
In base 13, what is 8 - -18?
23
In base 13, what is -2014 + -2?
-2016
In base 15, what is -4 + -4d?
-52
In base 16, what is -22 + 15?
-d
In base 12, what is 2 + -23?
-21
In base 15, what is 1a2 - -47?
1e9
In base 11, what is 131 - -1?
132
In base 5, what is -20 - 13?
-33
In base 8, what is 704 + -102?
602
In base 4, what is -1 - -2112?
2111
In base 16, what is 234 - -1d?
251
In base 8, what is 162577 - -1?
162600
In base 4, what is 23 - -20103?
20132
In base 14, what is c + 1?
d
In base 13, what is -3 + 301?
2cb
In base 16, what is -1 + 5a?
59
In base 14, what is -a + -1d?
-29
In base 15, what is -4 + -1a?
-1e
In base 8, what is 130 - 1?
127
In base 3, what is -110020 - -1?
-110012
In base 9, what is -46 + 71?
24
In base 6, what is -3 + -4034?
-4041
In base 16, what is 0 + -a?
-a
In base 8, what is -32 + -1?
-33
In base 2, what is -101100 - -1001001?
11101
In base 11, what is -2 - -3007?
3005
In base 15, what is -4 + 1d8?
1d4
In base 5, what is 2420 - 13?
2402
In base 12, what is -4 - 17?
-1b
In base 16, what is -7a + 7?
-73
In base 10, what is 132 + 0?
132
In base 4, what is 1 - 110120?
-110113
In base 10, what is 11982 + -1?
11981
In base 16, what is 5 + -15d?
-158
In base 2, what is -101 - 110000?
-110101
In base 3, what is -211 + -20?
-1001
In base 2, what is -111001 + 0?
-111001
In base 11, what is 4 + -7?
-3
In base 13, what is 31 - -3?
34
In base 13, what is -18b - 5?
-193
In base 11, what is a1a9 - -1?
a1aa
In base 2, what is -101 + -101111000000?
-101111000101
In base 11, what is -238 - 3?
-240
In base 7, what is 3 + 106?
112
In base 9, what is -86 - 22?
-118
In base 12, what is -11 + -71a?
-72b
In base 3, what is 1102 - 210212?
-202110
In base 12, what is -26 - a?
-34
In base 7, what is -32 + 31?
-1
In base 11, what is 5 + 1886?
1890
In base 7, what is 1201 - 2?
1166
In base 4, what is -2223 + 1?
-2222
In base 15, what is -6 + 117?
111
In base 13, what is 3 - 4?
-1
In base 11, what is 0 + 74?
74
In base 16, what is -f - -126?
117
In base 12, what is -23 - -3?
-20
In base 8, what is 16252 + -2?
16250
In base 12, what is 161 + -4?
159
In base 10, what is -1 - 275?
-276
In base 8, what is -1 + 40?
37
In base 4, what is 11 - 213130?
-213113
In base 16, what is -5 - -5f1?
5ec
In base 12, what is -14 + -20?
-34
In base 13, what is -3 - 1?
-4
In base 16, what is 3 + -16?
-13
In base 3, what is 12 - -1102?
1121
In base 5, what is 1 + -2203?
-2202
In base 8, what is 0 - -11?
11
In base 15, what is -68e + -3?
-692
In base 3, what is -11000 + 1?
-10222
In base 7, what is 3 + 6422?
6425
In base 11, what is 63 - -4?
67
In base 9, what is 2401 + 5?
2406
In base 10, what is -23 + 293?
270
In base 13, what is -225a - -5?
-2255
In base 11, what is -237 - 4?
-240
In base 8, what is 13041 - -5?
1304